n h is divided by 29.
3
What is the remainder when 64/(-480) - (26807/(-15) + -3) is divided by 60?
50
Let b(g) = g**2 + 121. Calculate the remainder when 601 is divided by b(-8).
46
Let z(n) = 37*n - 115. Let f be z(4). Suppose -2*p + 167 = 5*j, 2 = 5*j + 17. Let w = p - f. What is the remainder when w is divided by 17?
7
Suppose 0 = -13*w - 2*w + 119940. Suppose -22*j = 1594 - w. What is the remainder when j is divided by 21?
18
Let a = 28 + 136. Let i = -7 - -35. Calculate the remainder when a is divided by i.
24
Let s(m) = 316*m**2 - 371*m - 756. Calculate the remainder when s(-2) is divided by 59.
11
Let n be (966/35)/3*10. Suppose -2*j + 33 = -4*k + 137, -4*k + n = 4*j. Calculate the remainder when 42 is divided by k.
17
Let c(p) = 82*p**3 - 2*p**2 + 23*p - 3. Let w(t) = -41*t**3 - 12*t + 1. Let k(d) = 3*c(d) + 5*w(d). Calculate the remainder when k(2) is divided by 46.
42
What is the remainder when 181 is divided by ((-224)/(-49))/(2 + (-39)/21)?
21
What is the remainder when -3 - (-16)/((-304)/(-306261)) is divided by 31?
27
Suppose -3*x - m = -5483 - 1172, 2*x + m - 4437 = 0. Calculate the remainder when x is divided by 131.
122
Suppose -2*u - 55 = -3*u. Suppose 0 = 4*b - 9*b - i + 35, 16 = b + 2*i. Suppose -114 = -b*n - 0*n. Calculate the remainder when u is divided by n.
17
Suppose -3*o = -4*q + 3980, 141 - 157 = 2*o. What is the remainder when q is divided by 39?
14
Let o = 27 + -11. Let i be (-3 + 0)/((-875)/(-430) - 2). Let y = i - -211. What is the remainder when y is divided by o?
13
Calculate the remainder when 5668 is divided by 49928/395 + (4/14 - (-168)/(-245)).
124
Let j(y) = y**3 + 20*y**2. Let q be j(-20). Suppose q = -91*s + 97*s - 216. Suppose 0 = -2*p + 284 - 74. What is the remainder when p is divided by s?
33
Let g(y) = y**2 - 3*y + 7. Let q be g(6). Suppose 0 = -3*z - w + 57, 4*w + 70 + q = 5*z. Calculate the remainder when z is divided by ((-121)/605)/((-1)/30).
1
Let s = -2 + 39. Let n = s - 35. Calculate the remainder when 7 is divided by n.
1
Let p = 9 + -253. Let r = 250 + p. What is the remainder when 59 is divided by r?
5
Let k(j) = j**3 - 4*j**2 - 2*j + 11. Calculate the remainder when k(11) is divided by 93.
92
Let u(y) = -y**2 - 3 + 2*y**2 - y - 3 - 4*y. Let b be u(14). Let o = b + -108. What is the remainder when 15 is divided by o?
3
Suppose -4*n + 17 = -3*b - 9*n, 0 = 2*b - 2*n + 38. What is the remainder when 26135/105 - b/147 is divided by 25?
24
Let j = -1091 + 1897. Calculate the remainder when j is divided by 9.
5
Let s(y) = 3*y + 3. Let f be s(1). Let p be -1 + f/9*6. Suppose -3*m - p*h = -m - 27, 3*h - 21 = -m. Calculate the remainder when m is divided by 3.
0
Let k = 4272 + -2957. Calculate the remainder when k is divided by 163.
11
Let i(k) = -11*k + 71. Let n be i(6). Suppose -n*y - 2 = -m + 68, -200 = -4*m + 4*y. Calculate the remainder when 165 is divided by m.
30
Let d(v) = 34*v**2 - 1. Let h = -533 + 1147. Suppose h = 6*w + 38. What is the remainder when w is divided by d(1)?
30
Suppose 2*f - 4*o - 110 = 284, -848 = -4*f - 2*o. What is the remainder when f is divided by 187?
22
Let c(z) = -2*z**2 - 33*z - 47. What is the remainder when 513 is divided by c(-11)?
69
Calculate the remainder when 1818 is divided by ((-2)/12)/(-2 + 39/26)*48.
10
Suppose -78 = 831*i - 834*i. Calculate the remainder when (-1 - -74) + -16 + 14 is divided by i.
19
Suppose 2*s - 3*o = 4*s - 998, -4*o - 1996 = -4*s. Suppose 0 = -11*a - s + 1214. Calculate the remainder when a is divided by 35.
30
Let q be ((-1150)/6)/(((-4)/(-12))/1). Let j = q + 588. Calculate the remainder when 26 is divided by j.
0
Let c be 8 + (-5 - -3) + -6. Suppose -5*x + 84 = -c*p + p, -2*x = -3*p - 20. Calculate the remainder when x is divided by 6.
4
What is the remainder when 219 is divided by (-21)/18*4*12/20*-10?
23
Let s be ((4 + -5)*6 - -3) + 18. What is the remainder when 2 + 444/s - 16/(-40) is divided by 10?
2
Suppose 4*b + 5*a = 1990, 350 - 1825 = -3*b + 5*a. What is the remainder when b is divided by 121?
11
Suppose 4*l = -4*p + 284, 0*l - 4*l + 8 = 0. Let j = -45 + p. Suppose 4*c - j = 28. What is the remainder when 21 is divided by c?
8
Let y = 2659 - 2518. Calculate the remainder when y is divided by 68.
5
Let v(b) = -212*b + 2 + 176*b - 2. Let r be v(6). Calculate the remainder when 234/5 + (r/(-30) - 7) is divided by 25.
22
Let f(y) = -8*y**3 + 3*y**2 + 5*y + 4. What is the remainder when 1119 is divided by f(-1)?
9
Suppose 1704 = 29*s + 109. Suppose -2*o = 3*o + 10. Calculate the remainder when s is divided by (-2 - -16)*o/(-2).
13
Let c(f) = f**2 + 20*f - 142. Calculate the remainder when 297 is divided by c(6).
3
Suppose -4*a - 2*x + 290 = 0, -136 = -2*a - 0*a - 4*x. Let z = -26142 + 26168. What is the remainder when a is divided by z?
22
Suppose 4*n + 3*a - 200 = 18, 8 = 4*a. Suppose g - 13 = 19. Let y = n - g. What is the remainder when 81 is divided by y?
18
Suppose -4*o + 637 + 83 = 4*z, -4*z + 722 = 3*o. Suppose -3*n + 85 = -z. Suppose -74 = 2*j - 110. What is the remainder when n is divided by j?
17
Let u be -1 - -27 - (0 + 1)*-2. Suppose u = 4*h + 24. Let t = -25 - -26. Calculate the remainder when t is divided by h.
0
Suppose 20*v = 19*v + 3. Suppose -2*k + 3*w + 15 = 0, 34 = 4*k - 5*w + 1. What is the remainder when k is divided by v?
0
Suppose -6*z + 5556 = -18*z. Let b = 836 + z. Calculate the remainder when b/5 + (-20)/(-50) is divided by 20.
15
Let h(b) = -b**3 - 7*b**2 - 2*b + 4. Let n(q) = -41*q - 1464. Calculate the remainder when h(-7) is divided by n(-36).
6
Let j(b) = 23*b**2 - 45*b - 45. Calculate the remainder when 339 is divided by j(-1).
17
Suppose -4*n + 6*n - 74 = 0. Let o(v) = -v**2 + 36*v + 186. Calculate the remainder when o(35) is divided by n.
36
Let h(z) = 2*z**2 - z + 29. Suppose -4*l - 2*r + 112 = 0, 11*l + 2*l - 378 = -3*r. What is the remainder when h(-9) is divided by l?
20
Suppose -3*g = 10*c - 14*c + 1831, 2*g = -3*c + 1352. Calculate the remainder when c is divided by 13.
12
Suppose p = 4*p - 6. Suppose -3*d = -w - 830, -7*d = -4*d - 5*w - 850. Let v = d - 274. Calculate the remainder when p is divided by v.
0
Let s(o) = -10*o - 20. Let d be s(-2). Let a(f) = f + 15. Let z be a(d). Suppose -155 = -5*t - z. What is the remainder when t is divided by 24?
4
Let b(u) = -258*u - 511. Calculate the remainder when 177 is divided by b(-2).
2
Let a(z) be the second derivative of -z**3 + 41*z**2/2 + 21*z. What is the remainder when 202/6 + 3/9 is divided by a(6)?
4
Let o(r) = -309*r + 2571. Calculate the remainder when 329 is divided by o(8).
32
What is the remainder when 75/(-2)*(-24)/(-90)*-39 is divided by 95?
10
Suppose 0 = -8*v - 5*v + 1456. Suppose 4*h - 24 = v. Calculate the remainder when 3/((-54)/186)*-6 is divided by h.
28
Suppose 0 = -41*q + 46*q - 2*r - 114, -3*q + r + 67 = 0. Let i be 2/4*(-9 - 1). Let d = i - -43. Calculate the remainder when d is divided by q.
18
Let h(z) = -545*z - 15032. Calculate the remainder when 1155 is divided by h(-28).
15
Let d = 8 - 12. Let g = 143 - 147. Calculate the remainder when 14/g*(d + 2) is divided by 5.
2
Let r(j) = 6*j + 125. Let b be r(-20). Calculate the remainder when 11 is divided by (85/(-25) - -4)*b.
2
Let x = -129 + 167. Suppose -119 = -g + 2*w, -4*g + 455 - 23 = 3*w. Calculate the remainder when g is divided by x.
35
Suppose -6*s + 394 = 256. Calculate the remainder when s is divided by (-19)/(-95) - 4/((-20)/69).
9
Let y(n) = 118*n**2. Let a be 14 + -4 - (1 - 2 - -2). What is the remainder when y(1) is divided by 11/((-396)/24) + 186/a?
18
Suppose -2294*h + 2371*h - 45045 = 0. Calculate the remainder when h is divided by 226/8 - 6/24.
25
Let c = 200 - 178. Suppose -a = -130 - c. What is the remainder when a is divided by 12?
8
Suppose -h + 1626 + 290 = 3*a, 5*h = 4*a - 2599. What is the remainder when a is divided by 153?
29
Let g(r) = -r**2 + 48*r - 399. Suppose 3*t = -2*t + 95. Calculate the remainder when g(13) is divided by t.
18
Suppose -t + 5*t - 24 = 0. Let x(l) = 779*l + 56893. What is the remainder when x(-73) is divided by t?
2
Suppose 12*g + 26 = -26*t + 28*t, -40 = -5*t + 5*g. Calculate the remainder when 212 is divided by t.
2
Let k(s) = -10*s**3 + s**2 - 2*s - 4. Let u be k(-1). What is the remainder when ((-87)/11